-5*o + 49, 5*i - o = 3*o + 303. Is i prime?
True
Let l(u) = -u**3 - 9*u**2 + 10*u + 8. Let f be l(-10). Is (-3996)/(-20) - f/10 prime?
True
Is (-1)/(-2) + ((-14823)/(-6))/1 composite?
True
Is 9789 + 6/(0 + 3) a composite number?
False
Let s = -1294 - -2691. Is s composite?
True
Let m = 581 + -382. Is m composite?
False
Let b(j) = 26*j**3 - 2*j**2 + 2*j - 1. Is b(1) prime?
False
Let l(u) = u**3 - 6*u**2 + 7*u - 7. Let v be l(5). Suppose 3 = v*c - 9. Is (c/6*-339)/(-2) composite?
False
Suppose -r + 10 = b - 0*b, -3*b = -5*r + 18. Let n(u) = 2*u + 3. Is n(r) a prime number?
False
Suppose 4*f - 4646 = 6734. Is f a prime number?
False
Suppose -g - 16 = g. Let v(l) = l + 6. Let r be v(g). Is ((-894)/30)/(r/10) composite?
False
Suppose -x = -133 - 36. Suppose x = 4*o - 3*o. Is o prime?
False
Let x(l) = -35*l + 13. Is x(-6) composite?
False
Suppose 0 = -2*t + n - 0*n + 6, -t + 3*n = 7. Suppose 0 = -4*b - 3*w + 1981, 10 = -3*w - t. Is b a composite number?
False
Suppose 2*o - 7*o - 5*g + 5035 = 0, 3*o = 2*g + 3031. Is o composite?
False
Suppose -y + 4*f = -14, -5*y - 4*f - 6 = -4. Suppose y*j = -0*j + 46. Is j composite?
False
Suppose 6 = -3*w, -7*z + 18 = -3*z + 3*w. Suppose 3*b - z + 0 = 0. Suppose -s - 25 = -h - b*s, -5*h + s + 125 = 0. Is h a prime number?
False
Let p = -840 - -1187. Is p a prime number?
True
Let r(t) = -73*t**3 + t**2 - 1. Is r(-2) composite?
False
Let z = -6 + 10. Suppose -15 - z = -d. Is d composite?
False
Let u be (-12)/(-8)*4/3. Suppose 0 = 2*m + j - 161, u*j - 16 = -m + 69. Is m prime?
True
Let y(q) = q + 278. Is y(0) a composite number?
True
Let a be (-4 + (0 - -1))/(42/(-70)). Suppose -2*g + 1 = -5. Suppose -g*u = a*h + u - 453, h + 3*u = 95. Is h a prime number?
True
Let f(v) = -101*v + 16. Is f(-6) prime?
False
Let n(r) be the third derivative of 0*r + 0 - 7/4*r**4 + 1/6*r**3 - r**2. Is n(-2) a prime number?
False
Let j(i) = i**3 - 6*i**2 - 6*i - 3. Let x be j(7). Suppose -5*g = -2*a + 4*a - 3, 5*a = -x*g + 16. Is 20 + g + -2 + 2 prime?
True
Is (-1 + -2)*-51 + 2 prime?
False
Let n(y) = 43*y + 2. Let m be n(2). Let a = 123 - m. Is a a composite number?
True
Suppose 4*r - g - 48 = 4, -2*r + 16 = -3*g. Is r prime?
False
Suppose 40 = 4*i + 4*m, 3*i = -0*i + 4*m + 23. Let z be -3*(-15)/i*1. Let b = z + -1. Is b prime?
False
Let r = 6 - 2. Let i(t) = -5 + 0 + t + r*t**2 + 3. Is i(-3) a composite number?
False
Let d be 5*(-2 + (-7)/(-5)). Is 87 + d + -1 + 2 a prime number?
False
Let h be (-16)/(-6)*(-39)/(-4). Suppose 5*a - 275 = -3*s, 4*s - h = a - 81. Suppose 2*l = -5*k + 41, 4*k - a = -4*l + 9. Is l prime?
True
Let f = -149 - -213. Let v = f + -6. Is v composite?
True
Suppose -133 = -3*z + 122. Is z a composite number?
True
Let v be (-24)/(-3) + (0 - 3). Suppose -66 = -5*x + 4*a, x + 3*a = v*a + 18. Is x composite?
True
Suppose v = -5*z + 6, -v - 10 = -4*z + 2. Is (z + 4)/2 + 76 a prime number?
True
Let c = 264 + -101. Is c composite?
False
Let g(p) be the first derivative of 2*p - 1/3*p**3 + 1 - p**2 + 1/4*p**4. Is g(3) a composite number?
True
Suppose i = 4, -2*i + 2226 = 5*x - 457. Is x prime?
False
Suppose -2*u = 2*l - 1898, 4*u + 6*l = l + 3792. Suppose 2*q - q - u = 0. Is q a composite number?
False
Suppose -3*a + 9368 = 5*a. Is a prime?
True
Let h be 5*(16/10 + -2). Let j be h/((-2)/(-1)) + -1. Is (-3)/j*894/9 composite?
False
Let d = -38 + 27. Let q(h) = -5*h + 12. Is q(d) a prime number?
True
Let j be ((-2)/(-3))/((-2)/(-12)). Suppose j*b = -z + 6*z - 37, 3*z - 18 = b. Suppose -2*y - 2*r = -6*y + 436, y - 109 = -z*r. Is y composite?
False
Let q be 14/3 - (-2)/(-3). Suppose -3*n + q*n - 71 = -3*d, -15 = -3*n. Is d composite?
True
Let j be 0/(-6) - (-2 + 0). Suppose -j*m + 0*m - 2 = 0. Is 33 + m + 1/(-1) composite?
False
Suppose 14*s - 15*s = -133. Is s a composite number?
True
Is (3/(-3))/((-3)/699) composite?
False
Suppose 2*s + 19 + 34 = b, -3 = -3*s. Is b a prime number?
False
Let c be 48 + (2 - (1 - -2)). Let b = c - 73. Let o = -7 - b. Is o a composite number?
False
Suppose 0 = 4*f - 2*b - 40, -2 + 12 = 5*b. Let a = -4 + f. Is a prime?
True
Let a(s) = 13*s**3 - s**2 + 2*s + 2. Let o(w) = -25*w**3 + 2*w**2 - 4*w - 5. Let i(q) = 7*a(q) + 3*o(q). Is i(2) a prime number?
True
Suppose a + 11*a = 924. Is a a prime number?
False
Suppose 0 = 2*r + 4. Let x = 4 + r. Is (-67 - -2 - x)/(-1) prime?
True
Suppose 57*a + 4783 = 58*a. Is a prime?
True
Let c(l) = -7 + 0 - 64*l + 13. Is c(-2) composite?
True
Let g(n) = -n**2 + 11*n + 9. Let a = 12 - 5. Is g(a) prime?
True
Let i(b) = 3*b**2 + 4*b - 1. Let m be 3/2*24/9. Let c be i(m). Suppose 2*t - d = 312, -d - c = -t + 92. Is t composite?
False
Let j be 4/(-10)*285/(-3). Suppose -65 = 5*c + 4*y - 210, c - y - j = 0. Is c a prime number?
False
Let n(v) = 3*v**3 - 4*v**2 - v + 2. Let y be n(3). Let p = y - 2. Suppose 20 = 2*l - p. Is l prime?
True
Suppose 0 = 3*x + b - 10, 7 = -3*x + 4*b + 27. Suppose -x*j - 139 = -5*j. Is j prime?
True
Let w = 16 - -5. Is w composite?
True
Let f(a) = -19*a - 10. Is f(-7) prime?
False
Let i(v) = v**3 + 2*v**2 - 3*v. Let k be i(-3). Let n(u) = u**2 + 3. Let d be n(k). Suppose -d*s + 129 = -42. Is s composite?
True
Let s = 6 + -2. Is (s/(-6))/((-2)/57) composite?
False
Let w(y) = -3*y**3 - 10*y**2 + 6*y + 3. Is w(-10) composite?
True
Let r = 13 + -7. Suppose r*v - 2*v - 52 = 0. Suppose -4*j + v + 15 = 0. Is j a composite number?
False
Suppose -6*k + 9*k = 84. Suppose v - 2*l - k = l, 4*v + 3*l = 82. Is v composite?
True
Suppose -3*h + 216 = -2*h. Suppose h + 509 = 5*s. Is s prime?
False
Suppose 4*t + y + 7 = 7*t, -t - y = -1. Suppose -2*c - 10 = 5*p, t*p - 5*c + 1 = -3. Is 154*p/(-12)*3 a prime number?
False
Let j = 10096 + -6707. Is j composite?
False
Let b be (-2)/(2/(-8)*2). Let p = -22 - -2. Is b/10 - 412/p composite?
True
Let j be 8/8*(1 - 41). Let d = -26 - j. Is d a composite number?
True
Let p(x) = x**3 - 2*x**2 - 6*x - 17. Is p(20) a composite number?
True
Let h(p) = -197*p - 5. Suppose 0 = -g + 12 - 14. Is h(g) composite?
False
Let u = 780 + -335. Suppose -4*h + u = h. Is h prime?
True
Let z = 142 + 15. Is z prime?
True
Let j(s) = -s**3 + s**2 - s + 6. Let t be j(0). Suppose -t*y + 100 = -y. Suppose 3*f = -2*x + 2 + 13, -2*x = 2*f - y. Is x a prime number?
False
Let j(l) = -32*l - 1. Let r(x) = -x**2 + 5*x - 4. Let f be r(3). Let b = f - 8. Is j(b) a composite number?
False
Suppose -8*a - 4*y + 3437 = -3*a, 3*a = -5*y + 2070. Is a prime?
False
Let f be 70/4 - 2/(-4). Suppose 12 = 5*m - f. Suppose 73 = 4*p - l, m*l - 53 = -2*p + l. Is p a prime number?
True
Let x(z) be the second derivative of z**4/12 + 2*z**3/3 + 5*z**2 + 6*z. Is x(-11) a prime number?
False
Let j = 40 + 217. Is j composite?
False
Let s(m) = 2*m + 1. Let i be s(-2). Let g be 7*(i - -2 - -2). Suppose 28 = g*f - 3*f. Is f prime?
True
Let s(z) = z**2 - 9 + 0*z**2 + 8*z - 2*z**2. Let u be s(6). Suppose 0*y + 45 = 4*q - y, 55 = 4*q - u*y. Is q a prime number?
False
Suppose -5*j - 3*n + 0*n = -120, -4*j + 59 = -5*n. Is j composite?
True
Let x(z) = -z**2 + 2. Let i be x(-2). Is 2/(i/(-7))*11 a composite number?
True
Suppose 0 = -2*i + 7*i - 3265. Is i prime?
True
Suppose 4*q + 0*q + 65 = -j, -5*q = -2*j - 78. Let t = -10 - j. Is t composite?
True
Let v(p) = -p**3 + 3*p**2 + 2*p - 3. Suppose -1 = 2*z - 5. Let r be v(z). Let q(s) = s**2 - 3*s. Is q(r) composite?
True
Let v(o) = o**2 + 7*o - 13. Is v(10) a composite number?
False
Let d(q) = q**3 - 6*q**2 + q - 3. Let p be d(6). Suppose 0 = p*u - 175 - 47. Is u prime?
False
Suppose -3*o - 1 = -7. Suppose -o*v + 121 = t, t - 122 = -v - 0*v. Suppose -2*z + 31 = -t. Is z a composite number?
True
Let v(d) be the second derivative of -d**5/20 + d**4/4 + 2*d**3/3 + 3*d**2/2 + d. Let m be v(4). Suppose 4*o - 352 = l, o + m*l + 28 = 129. Is o a prime number?
True
Let f = -4 - -6. Suppose v = q - 52, 5*v + 245 = -5*q - 25. Is v/(2/f - 2) a prime number?
True
Suppose 0 = 4*o - 0*o + 368. Let q = -27 - o. Is q composite?
True
Let s(c) = 6*c**2 + c + 6. Is s(7) a prime number?
True
Let v(x) = x**2 - 4*x + 2833. Is v(0) a composite number?
False
Suppose -2*h = -3*h. Suppose j - 1226 = -3*j + r, -r + 2 = h. Is j a prime number?
True
Let n(v) = -18*v**3 - 6*v**2 + v + 4. Is n(-5) a composite number?
False
Suppose 8*f - 2*m - 21665 = 3*f, 4*f - 